i + m. What is the units digit of b?
7
Let w = -441 - -1521. What is the units digit of w?
0
Let o(v) be the second derivative of -v**4/12 - 4*v**3/3 + 6*v**2 - 6*v. Let u be o(-9). Let b = 15 - u. What is the tens digit of b?
1
What is the thousands digit of -6 - (-124524)/32 - (-3)/(-8)?
3
Let c be (-14838)/30 - 4/10. Let b = c - -708. What is the units digit of b?
3
Suppose -2*h - 3*q + 1330 - 69 = 0, 2489 = 4*h - 5*q. What is the hundreds digit of h?
6
Let q(u) = -2*u**3 - 6*u**2 + 18*u + 49. What is the hundreds digit of q(-8)?
5
Suppose p + 4 + 3 = -2*w, 22 = 2*p - 5*w. Let f(g) = 145*g**2 + 5*g - 4. What is the tens digit of f(p)?
4
Let n(o) = 6*o**2 + 3*o + 1. Suppose -2*w + 3*a = a - 6, -3*w + a = -9. Let r = w + -5. What is the tens digit of n(r)?
1
Let z be (342/3)/((-8)/48). What is the units digit of (-1 - 1) + (1*z)/(-6)?
2
Let r(m) = -m**2 - m - 1. Let i(x) = 2*x**2 - 7*x - 13. Let k(z) = -i(z) - 3*r(z). What is the tens digit of k(-11)?
2
Suppose 2*r - 1261 = 423. What is the tens digit of r?
4
Let f(c) = 171*c + 411. Let d(b) = 17*b + 41. Let p(t) = -21*d(t) + 2*f(t). What is the units digit of p(-14)?
1
Let n = 54 + -30. Let i be (-43)/2 - (-36)/n. What is the units digit of (-128)/i - (-4)/(-10)?
6
Let y = -2710 - -5209. What is the hundreds digit of y?
4
Let i(f) = 7*f + 246. What is the units digit of i(0)?
6
Let q = 4 - -5. Suppose -5*t + 1 = -14. Let v = t + q. What is the tens digit of v?
1
Suppose -4*n + 3 + 81 = 0. Suppose y + 17 - n = 0. What is the units digit of y?
4
Suppose -613 = -2*t + 111. What is the hundreds digit of t?
3
Let l = 56 - -1462. What is the thousands digit of l?
1
Let t(c) = -c**3 - 15*c**2 - 52*c + 8. Let a be t(-9). Let z = 74 + -109. What is the tens digit of 2/a + (-2387)/z?
6
Let c(l) be the third derivative of -l**4/24 - l**3 + 2*l**2. Let g be c(-11). Suppose b + 0*b = -5*s + 28, 3*b - 104 = g*s. What is the tens digit of b?
3
Suppose 0 = -2*u - 8. Let l(f) = f**3 + 6*f**2 - f + 1. Let d be l(u). Let x = d - 22. What is the units digit of x?
5
What is the units digit of ((-13086)/(-24))/((-12)/(-32))?
4
Suppose 3*u - 2435 = -2*t, -68*u - 4862 = -4*t - 66*u. What is the thousands digit of t?
1
Let r = 22 + -17. Suppose -6*s - 3*v = -4*s - 14, 0 = -3*s - 2*v + 31. Suppose -r*f + 107 + s = 0. What is the tens digit of f?
2
What is the tens digit of ((-18)/(-5))/((-72)/(-16740))?
3
Let p(z) = z**3 + 7*z**2 + 5*z. Let t be p(-5). Let i = 8 - t. Let v = -12 - i. What is the units digit of v?
5
Let a = -1307 - -3851. What is the tens digit of a?
4
Let t = 657 + -646. Suppose -22 - 14 = -4*n. Let c = t + n. What is the units digit of c?
0
Let v = -338 + 203. What is the units digit of (96/(-9))/(18/v)?
0
Let b be 50/4 + (-1)/2. Let w be -42*(-2 + 16/b). Suppose -2*h - 5*v - w = -6*h, -5*v = -2*h + 24. What is the units digit of h?
2
Suppose -6*g + 3 = -5*n - 2*g, -3*n + 4*g = -3. Let l = n + 8. Suppose -l*u + 15 = -5. What is the units digit of u?
4
Suppose -13*g = -10*g - 1431. Suppose 5*z - 784 = 2*u, -3*z + g = 2*u - u. What is the tens digit of z?
5
Suppose -l - z = 4*l - 5679, 3*z = l - 1123. What is the thousands digit of l?
1
What is the units digit of (-254)/(4 + (-33)/8)?
2
Let t be (-54 - (3 + 1)) + -4. Let r = t - -151. What is the tens digit of r?
8
Let n be (-180)/(-50) + 4/10. Suppose 3*p = -n*a + 20, 0 = 4*a - 0*a + 2*p - 16. Suppose 3*v = -3*l + 93, l - 35 = -v + a*l. What is the tens digit of v?
3
Suppose -33264 = 6*h - 50*h. What is the tens digit of h?
5
Let x(h) = -19*h + 23. Let o be x(-8). Suppose -3*g = -g + y - 75, -5*g + o = 5*y. What is the tens digit of g?
4
Let v(x) = 6*x**3 + 1. Let q be v(1). Suppose -5*y + 2*b = -4, b = -y + 4*b - q. Suppose 2*g - 48 = -5*n + 65, 3*g - y*n = 122. What is the tens digit of g?
4
Suppose -2*t + 7*t = 30. Suppose 4*z - t*z = 0. Suppose 0 = h + 5*d - 19, 3*h + z*d - 57 = 4*d. What is the units digit of h?
9
Let n(c) = -10*c**2 + 2*c + 1. Let k be n(-1). Let y be k/(-5) - (-4)/(-20). Suppose -4*b = 2*m + b - 53, -5*m + 118 = -y*b. What is the units digit of m?
4
Suppose 8*v = 11*v - 15. Suppose -v*d = z - 352, 2*d + 0*z + z = 142. What is the units digit of d?
0
Let p = 40 - 127. Let f = 175 + p. Suppose s = -b - s + 36, -3*b + f = 2*s. What is the units digit of b?
6
Suppose -k - 8 = -0*k. Let z be -1 - 2*12/k. Suppose 24 = z*u - 20. What is the tens digit of u?
2
Suppose -5*h + 35 = -z + 6*z, -h + 11 = 2*z. Let i = -31 + 47. What is the units digit of (-40)/(i/z)*-3?
0
Let s(h) = -9 + 3*h**2 - 8*h**2 + 12*h - h + 4*h**2. What is the units digit of s(9)?
9
Suppose -31*n - 2260 = -36*n. What is the hundreds digit of n?
4
Let f = 1216 - -454. What is the hundreds digit of f?
6
Let u(o) = 4*o - 33 - 4 - 5*o - o**2. Let w be u(0). Let a = 66 + w. What is the tens digit of a?
2
What is the units digit of ((-378)/15)/((-9)/300)?
0
Let a = 255 - 0. What is the tens digit of a?
5
Let r = 2827 - 2490. What is the hundreds digit of r?
3
Let b be (72/(-28))/(2/(-14)). Let f = 70 - b. What is the units digit of f?
2
Suppose 2*k - 2 = -4*n, k + 3*n = -2*k + 6. Suppose 4*f = -k*f - 7. What is the units digit of (f + -1)/((-6)/123)?
1
Let k(d) = 60*d**2 + 6*d - 25. What is the units digit of k(4)?
9
Suppose -2*b - 6 = -3*b. Let a(m) be the second derivative of -m**5/20 + 3*m**4/4 - 4*m**3/3 - m**2 - 10*m. What is the tens digit of a(b)?
5
Let j(p) = -4*p - 29. Let b(k) = k - 5. Let s be b(-8). What is the units digit of j(s)?
3
Let u(j) = 6*j - 7. Let k(f) = f**2 + 4*f - 7. Let x be k(-6). Let t(a) = 7*a - 8. Let m(v) = x*t(v) - 6*u(v). What is the units digit of m(-5)?
7
Let r = 1665 + -1362. What is the hundreds digit of r?
3
Suppose 0 = 7*r - 6*r - 19. Let n(o) = -3*o + 48 - 24 - r. What is the tens digit of n(-6)?
2
Suppose 0 = -v - 0*v, 4*r - 3*v - 2188 = 0. What is the units digit of r?
7
What is the tens digit of ((-735)/(-28) + -3)/((-3)/(-48))?
7
Let r be 2/6 + (-5)/((-45)/(-3)). Suppose 5*a - 23 - 2 = 0. Suppose r = a*i - 5*s - 100, 2*i - 20 = s + 15. What is the tens digit of i?
1
Suppose -3*q + 35347 = 5*h - q, -2*h - 3*q = -14130. Suppose -7*n + 2*n = -o + h, 0 = -4*n - o - 5664. What is the units digit of n/(-25) - (-3)/(-5)?
6
Suppose 131 = -3*f + 5*t, 3*t + 103 = -3*f + t. Let m = f - -109. What is the tens digit of m?
7
Let d = 1 + -34. What is the units digit of d/((-12)/3 + 3)?
3
What is the tens digit of (-4)/(-3)*3243/2 + 5?
6
Let n = 4813 - 679. What is the hundreds digit of n?
1
Suppose -6 = -4*s + 10. Suppose 8*o = s*o. Let i(r) = -r**2 - 2*r + 67. What is the tens digit of i(o)?
6
What is the units digit of ((-2)/2 + -3 - -3) + 839?
8
What is the units digit of 1 - ((-2)/15 + 60290/(-75))?
5
Let m(b) be the third derivative of b**6/60 - b**5/60 - b**4/12 + 5*b**2. Let o be m(2). Suppose -o*t + 80 = -6*t. What is the tens digit of t?
4
Suppose -111 = -2*f + 15. Let r = f - 41. What is the tens digit of r?
2
Let g(n) = 37*n**2 - 2*n + 28. What is the hundreds digit of g(6)?
3
Let v = 5194 + -1486. What is the thousands digit of v?
3
Suppose -28 = -2*k - 5*x, -3*k + 3*x + 24 = 6*x. Suppose t = -k*y + 2, -4*t = 2*y - 3 - 5. Let h = t + 0. What is the units digit of h?
2
Let q = 2035 + -1797. What is the units digit of q?
8
Let s be (-5084)/(-36) + (-6)/27. Let a = s + -100. Let u = -7 + a. What is the units digit of u?
4
Let x = -55 + 78. Let n = x - -65. What is the tens digit of n?
8
What is the tens digit of (59/(-59))/(-1*(-1)/(-88))?
8
Let c = -1 + 22. Let m = 66 - c. What is the units digit of m?
5
Let h = 970 - -448. What is the tens digit of h?
1
Let j be (-3 - 27/(-6)) + (-37)/(-2). Let a = 142 - j. What is the tens digit of a?
2
Let z(i) = -2*i**2 - 4*i + 25. Let a(c) = -6*c**2 - 12*c + 76. Let n(k) = 5*a(k) - 16*z(k). What is the tens digit of n(-7)?
5
Suppose t = 3*t - 8. Suppose 32 = 5*h + c + c, 5*c + 19 = t*h. Let r(z) = 3*z + 5. What is the units digit of r(h)?
3
Let x(m) = m**3 - 5*m**2 + 2. Let y be x(5). Let o be (-2 + y)*2/(-4). Suppose 4*j + o - 16 = 0. What is the units digit of j?
4
Suppose -m - 3*f = -2420, 2*f + 3890 = -5*m + 15951. What is the tens digit of m?
1
Suppose -4*v + 8 = 3*l, 3*l = 6*v - 3*v - 6. What is the hundreds digit of -435*((-5)/15 + l)?
1
Suppose -m = 2 - 4, -2*h = -5*m - 170. What i